 is the units digit of b?
7
Let o(s) = s**3 - 4*s**2 - 4*s + 6. Let y be o(5). Let m = y - 7. What is the units digit of m?
4
Suppose 5*c = 5 - 10. What is the units digit of (-3 - 47)*c/2?
5
Let s(f) = f**2 + 11*f + 12. Let b be s(-10). Suppose -4*d + 40 = -b*d. Suppose -2*y - 3 = -u + 14, -d = -4*u - 4*y. What is the units digit of u?
9
Suppose -b - g + 29 = 3*g, -5*g = -4*b + 53. What is the tens digit of b?
1
Let f(n) = -n**3 + 6*n**2 + 6*n + 7. Let x be f(7). Suppose -5*j - 39 = -4*m - x*j, 4*m + j = 21. What is the units digit of m?
6
Let j(t) = -8*t - 11. Let x be j(-11). Suppose 3*p - x = -29. What is the tens digit of p?
1
Let x = 193 + 18. What is the units digit of x?
1
Let j = 13 - -7. What is the units digit of j?
0
Let r be ((-4)/8)/((-1)/12). Let j = -4 + r. What is the units digit of j?
2
Suppose 2*x = -4*s + 8, -6*x - 3 = -3*x + 3*s. What is the units digit of 2/(x/(-3) - 0)?
1
Let g(j) = 3*j + 6. Let t be g(7). Suppose -5*r + 4*w = -13, -2*r - w = -7*r + 22. Suppose 2*m = r*m - t. What is the units digit of m?
9
Suppose -4 = 8*g - 4*g. Let y be -63*(g + -1 - -1). Suppose 4*d - 13 = y. What is the units digit of d?
9
Suppose -4*r + 61 = -187. Suppose 0 = 5*d - 3*n + 6*n - r, -5*n + 50 = 3*d. What is the units digit of d?
0
Let d = 349 + -131. What is the hundreds digit of d?
2
Suppose 2*p - 15 = -3*p. Suppose p*m = m. Suppose -l + 2 + 3 = m. What is the units digit of l?
5
Let p(m) = m - 1. Let u(a) = -a**2 + 2. Let l(f) = 4*p(f) - u(f). What is the units digit of l(-8)?
6
Suppose -2*m = -6*m. Suppose -5*c + 25 + 48 = 3*w, m = 3*c - 4*w - 67. What is the tens digit of c?
1
Let h(g) = -g**2 - 1 + 0*g**2 + 4 - 2. Let c be h(-1). Suppose 9 = -c*m + 3*m. What is the units digit of m?
3
Let f(r) = -r**2 + 7*r + 1. Let c be f(3). Suppose 4*k = 41 - c. What is the units digit of k?
7
Suppose 8*d - 7*d = 57. What is the tens digit of d?
5
What is the tens digit of ((-6)/8)/(2 - 370/184)?
6
Let q(u) = u**3 + 2*u**2 - 3*u. Let b be q(2). Suppose h - 3 - b = 0. Suppose 0 = 2*g + n - h, g - 3 = -4*n. What is the units digit of g?
7
Let l(n) = -n**2 - 6*n. Let k be l(-6). Let b(i) = 1 - 7 - i**2 - 11*i + k. What is the units digit of b(-9)?
2
Let w = -13 - -55. Suppose -w = -2*g + 4*h, -h - 55 = -3*g - 3*h. What is the units digit of g?
9
Let k be ((-1)/(-3))/(2/12). Suppose 9 = -k*t + 5*t, 0 = 4*h + 2*t - 14. Suppose 5*a = h*a - 4*b - 17, 11 = -4*a - 3*b. What is the units digit of a?
1
Let q(p) = -12*p. Let h be q(-7). Suppose -3*r = r - h. What is the tens digit of r?
2
Suppose 0 = -2*v + 3*v. Suppose -2*x + 150 = -v*x. Suppose 3*n = -2*n + x. What is the units digit of n?
5
Suppose 3*d = -3*a + 7*a, 5*a - d = 0. Let h = 2 + a. What is the units digit of h?
2
Let u(v) = v. Let f(t) = 10*t**2 - 4*t - 4. Let k(l) = f(l) + 3*u(l). What is the tens digit of k(2)?
3
Let a(j) = 7*j - 1. Let u be a(1). Suppose -w = 3*n - u, 0 = -3*w - 7*n + 3*n + 38. What is the tens digit of w?
1
What is the hundreds digit of ((-11)/2 - 0)/((-2)/76)?
2
Let q(r) = -r**3 - 15*r**2 - 17*r - 21. What is the tens digit of q(-14)?
2
Suppose 0 = -5*d + 107 + 133. Suppose -d = -2*v - v. What is the units digit of v?
6
Let f = -182 + 281. What is the tens digit of f?
9
Let b(a) = 3*a - 2*a**2 + a**2 - 6*a. Let y be b(-3). Suppose 4 = 2*s + 4*r, y*r + 24 = 2*s - r. What is the tens digit of s?
1
Let q = -3 - -12. What is the units digit of q?
9
Let g = 10 + 0. Let p = g - 3. What is the units digit of p?
7
What is the units digit of (-3544)/(-68) + (-4)/34?
2
What is the units digit of ((-183)/12)/(7/(-84))?
3
Let r(l) be the third derivative of 3/2*l**3 + 0 + l**2 + 1/24*l**4 + 0*l. What is the tens digit of r(11)?
2
Suppose 0 = f - 3*w - 27, -6 - 5 = -3*f - 5*w. Suppose -4*u + f = -0. What is the units digit of u?
3
Let s(k) = -k**2 + 11*k + 2. What is the units digit of s(5)?
2
Let l = -13 - -18. What is the units digit of l?
5
Suppose 4*z - z = -12. Let p(k) = -2*k - 3. Let c be p(z). Suppose -4*y - c*q = -62, q + 11 = y - 0*q. What is the tens digit of y?
1
Let g = -23 + 48. Let z = g - 18. What is the units digit of z?
7
Let b(u) = 0*u + u**2 - 12 + 0 - 7*u. What is the units digit of b(9)?
6
Suppose -4*z - 649 = -15*z. What is the tens digit of z?
5
Let b be (-6)/15 + 6/(-10). Suppose 12 = 4*c + m, c + 5*m = 7 + 15. Let r = b + c. What is the units digit of r?
1
Let v = 74 + -33. What is the units digit of v?
1
What is the units digit of (-12)/(-48) - 46/(-8)?
6
Let x(r) = 24*r. Let w be x(1). What is the units digit of (w/(-20))/((-2)/25)?
5
Let a = 78 - -28. Suppose 5*u - 9 = a. Let h = 33 - u. What is the units digit of h?
0
Let f be 12/(-8) - (-9)/6. Suppose 5*q = -0*p - 2*p + 39, f = 5*p + 3*q - 145. What is the units digit of p?
2
Suppose 2*h - 137 - 16 = -5*k, -h - 3*k + 76 = 0. What is the units digit of h?
9
Let i(u) = u**2 + u + 14. What is the tens digit of i(-9)?
8
Let x = 59 + -23. What is the units digit of x?
6
Let t = 19 + -6. What is the tens digit of t?
1
Let w(j) = -j**2 - 5*j + 8. Let x be w(-6). Let c(y) = y**2. Let o be c(x). Suppose o*m - 20 = -0*m. What is the units digit of m?
5
Let r = 0 + 1. Let l(k) = 1 + 5*k**2 + 1 - k**3 - 2*k - r. What is the units digit of l(4)?
9
Let l(b) be the third derivative of -b**4/24 - 11*b**3/3 + 2*b**2. Let q be l(0). What is the units digit of (q/(-1))/(-2 - -4)?
1
Suppose 2*t = 4*s - 196, -2*t - 27 = -s - 7*t. What is the units digit of s?
7
Let p(c) = -c**3 - 8*c**2 - 7*c + 4. Let a be p(-7). Suppose -2*t = a*y - 56, -3*y - 4*t + t = -36. Suppose -4 - y = -5*h. What is the units digit of h?
4
Suppose -5*c = -1189 - 76. What is the tens digit of c?
5
Let h(q) = -q - 8. Let b be h(-6). Let p be (b - 10/(-4))*0. Suppose -5*z + 32 + 8 = p. What is the units digit of z?
8
Let a be (-1)/2 - (-3)/(-2). Let b be 2 + (a - -2) + -16. What is the units digit of b/(-1 - 1 - 0)?
7
Let m(g) be the second derivative of g**3/6 + 17*g**2/2 - 4*g. What is the tens digit of m(-7)?
1
Let o = 6 + -4. Suppose 3 = o*d + 1, 4*p + d - 1 = 0. Suppose 5*c - 65 = -2*q - 3*q, p = -2*c + 2*q + 10. What is the units digit of c?
9
Let r(n) = n - 3. Let f be r(5). Suppose 5*a - u - 2*u + 5 = 0, -17 = -a - 3*u. Suppose z - f = a. What is the units digit of z?
4
Suppose -12 = 69*c - 72*c. What is the units digit of c?
4
Suppose -3*t + 16 = -t. What is the units digit of t?
8
Let v(t) = t**2 - 4*t + 1. Let q(y) = 4*y**2 - y + 1. Let k be q(1). Let n be v(k). Let f = 2 + n. What is the units digit of f?
3
Suppose 3*u = -u - 32. Let b = 10 - u. What is the tens digit of b?
1
Suppose -2 = -4*d + 6. Suppose 0 = w + r - 3, 4*r = w - 2 - 1. Suppose -d*h + 30 = w*h. What is the units digit of h?
6
Let r(p) = -p + 19. Let n be r(0). Let v = -10 + n. What is the units digit of v?
9
Suppose -x = 2*x - 9. Suppose 0 = -4*j + x*v + 54, 0 = -3*j + 4*v + 13 + 31. What is the units digit of j?
2
Suppose -5*o + 4*o + 3 = 0, -h + 5*o = 3. Let l be 2*(-3)/h*-4. Suppose -5*j + 48 + l = 0. What is the units digit of j?
0
Suppose -6 = -h + 2*h. Let k = 13 + h. What is the units digit of k?
7
Let k be 0/(3 - (3 - 2)). Let o = k - 0. Suppose -4*c + 32 = 4*h, o*c = 2*c + 3*h - 13. What is the tens digit of c?
1
Suppose 2*u = 2*p - 4, 2*u - 3*u = 2*p - 13. Suppose p*a - 140 = a. What is the units digit of a?
5
Let o(m) be the first derivative of -m**5/120 + m**4/6 + 2*m**3/3 - 1. Let t(i) be the third derivative of o(i). What is the units digit of t(-7)?
1
Let x(l) = -2*l + 5. Let g(i) = 5*i**3 + i**2 - 1. Let m = -1 - 0. Let p be g(m). What is the tens digit of x(p)?
1
Let k be (-38)/(-8) - 6/8. Suppose 3*x - k*i = i - 10, i - 2 = 2*x. Suppose -a + x = -2. What is the units digit of a?
2
Let h be (-4)/14 + (-32)/(-14). Let j = h + 1. What is the units digit of j?
3
Let o(v) be the third derivative of -3*v**4/2 + v**3/6 + v**2. Let x be o(-1). Suppose 0 = -5*c + x + 28. What is the units digit of c?
3
Let q(v) = -v**2 - 36*v - 124. What is the units digit of q(-30)?
6
Suppose -x + 0*x = 0. Suppose x = 4*t + t - 5. What is the units digit of t?
1
Let s be -2 - (13 + -1)/(-3). Let w(f) = 4*f - 1. What is the units digit of w(s)?
7
Let y(v) = -2*v**2 + 3*v + 4. Suppose 8*z + 5*m - 30 = 3*z, 5*m - 12 = z. Let f be y(z). Let k = 0 - f. What is the units digit of